be x(-2). Calculate the highest common divisor of n and v.
12
Let b be -9*-3*(-44)/(-36). What is the greatest common factor of 44 and b?
11
Let c(w) = w**3 + 2*w**2 - w - 1. Let g be c(5). Suppose -z = -4*r + 226, 4*r - 47 = -4*z + g. What is the greatest common factor of r and 7?
7
Let q be (-260)/(-14) + (-2)/(-7)*-2. What is the highest common divisor of q and 27?
9
Suppose 2*y - 5*z - 13 = 0, 3*y + y = 5*z + 41. What is the highest common divisor of y and 70?
14
Suppose 7*r = 3*r - 3*h + 12, 12 = -r + 3*h. Let q(z) = -2*z + 3*z + 12 - 11*z**2 + 10*z**2. Let w be q(r). Calculate the highest common divisor of 96 and w.
12
Let t = 0 - -23. Let q be 2*(1*92)/1. What is the highest common divisor of q and t?
23
Let t = 1 + -1. Suppose 0 = 2*l + 5*k - 31, t*l + 4*k + 35 = 3*l. Calculate the highest common divisor of l and 26.
13
Let d = 23 + -13. What is the greatest common factor of 30 and d?
10
Let i = -122 + 155. Calculate the greatest common divisor of 3 and i.
3
Let f be (-1)/3*(-30)/1. What is the greatest common factor of 5 and f?
5
Let k be 24/(-32) - (-1942)/8. Calculate the greatest common factor of k and 22.
22
Suppose 3*u + 5 = 98. Suppose -19 = -4*n + l, 5*n - 24 - u = -5*l. What is the greatest common divisor of n and 6?
6
Let c(t) = t**3 + 8*t**2 + 5*t + 1. Let u be c(-7). Let y(a) = -7*a - 3. Let g be y(-13). Let d be 3/4*(g - 8). What is the highest common factor of u and d?
15
Suppose -2*q + 2 = -q. Suppose 9 = q*c + 1. Suppose -g + 85 = 5*h + 4*g, -2*h + c*g = -28. What is the greatest common factor of 24 and h?
8
Let m = 19 - 16. Suppose 3*a - 560 = -a. Suppose -4*r = 32 - a. What is the highest common divisor of m and r?
3
Let i be (8/6)/((-2)/(-54)). Suppose s - 3*v - 2*v - 9 = 0, 0 = -4*s - 2*v + 36. Let f be 18*-1*(-6)/s. Calculate the greatest common factor of f and i.
12
Let f be (-8)/(-36) - (-356)/18. What is the highest common factor of f and 50?
10
Let k = -3 + 28. Let w = 10 + -5. Calculate the greatest common divisor of w and k.
5
Suppose 12 = -g - 4*k, 3*g + 3 = 3*k + 12. Suppose -3*j + 32 + 112 = g. What is the greatest common factor of j and 16?
16
Suppose -2*v + 2*s = 94, -4*v + 30 - 191 = 5*s. Let x = -6 + 9. Let k be (x + 17/(-4))*v. What is the highest common factor of 5 and k?
5
Suppose -3*i + 5*b = -70, 2*i + 20 = 5*i + 5*b. Calculate the greatest common divisor of i and 90.
15
Suppose -5*a + a = 16, -a = -m + 14. Calculate the highest common divisor of 2 and m.
2
Let c(d) = 6*d + 3. Let k be c(5). Let z(i) = i**2 + 8*i + 2. Let j be z(-10). Calculate the greatest common factor of k and j.
11
Let n(q) = q**3 - 4*q**2 - q - 7. Let o be n(5). Let k = o - 1. What is the highest common factor of 96 and k?
12
Suppose 4*u - 65 = j, 0 = u + j + j - 23. Let f = 35 - u. What is the greatest common divisor of f and 18?
18
Suppose 4*h = -5*j + 1384, h + 4*h = 5*j - 1420. What is the highest common factor of 35 and j?
35
Let f = -11 + 13. Suppose 5 = 3*s + f*s. What is the highest common divisor of 2 and s?
1
Suppose -2*v - 4*a - 260 = 0, -32 = 2*v - 5*a + 228. Let r = -90 - v. What is the greatest common factor of 4 and r?
4
Suppose -q + 0*q + 50 = 0. What is the greatest common divisor of q and 10?
10
Suppose -4*i = i - 25. Suppose d + i*c = 53, 2*c = 2*d - 0*c - 94. Calculate the highest common factor of 24 and d.
24
Suppose -33 - 20 = 3*a - y, 0 = 2*a + 2*y + 22. Let s be 22/4*a/(-4). What is the highest common divisor of 11 and s?
11
Let r be 7 - (2/(-2) - -3). Suppose r*d = 3*h + 26, -4*d - 7 = -h - 25. What is the highest common factor of d and 40?
4
Suppose 0 = t - 2*t. Suppose -5*a - 5*k = -t*k - 40, 10 = a - k. Calculate the greatest common divisor of a and 9.
9
Let r be 7/(-7) - 46/(-2). Let y(i) = 3*i**3 - 4*i**2 + 4. Let p be y(4). What is the highest common divisor of r and p?
22
Let v(f) = f**2 + 15*f + 10. Let o be v(-15). Calculate the greatest common factor of o and 110.
10
Suppose 27*l = 36*l - 72. Calculate the greatest common divisor of 40 and l.
8
Let t be ((-4)/3)/((-4)/72). Suppose -2*x + 0*x = -16. Calculate the greatest common divisor of x and t.
8
Let l be -1 + (5 - (2 - 66)). Calculate the highest common factor of 170 and l.
34
Let z(r) = -2*r**3 + 27*r**2 - 10*r - 10. Let b be z(13). Let n be 58/(18/8 - 2). Calculate the highest common factor of b and n.
29
Let w be (-424)/(-14) + (-8)/28. Calculate the greatest common divisor of w and 6.
6
Suppose 0*x = -5*x + 45. Let j = -4 + x. What is the greatest common divisor of j and 45?
5
Let f = -19 - -30. Suppose -5*w + 16 = -0*w - 3*j, w = -2*j + f. Suppose -53 = -4*b - w*h, 2*b + 11 = 3*b - h. What is the highest common factor of b and 30?
6
Let i(u) = -3*u + 41. Let g be i(9). What is the greatest common factor of 112 and g?
14
Let n = 89 - 41. Calculate the highest common factor of 4 and n.
4
Suppose -4*z = -2*b + 30, b + 25 = -3*z + 3*b. Let n be (140 - (z - -2)) + 1. What is the highest common factor of n and 16?
16
Suppose 0 = -3*q - 34 + 223. Calculate the highest common factor of q and 9.
9
Let a be 4*4*15/6. Suppose 4 = h - 1. Suppose h*n - a = -0*n. What is the highest common factor of 64 and n?
8
Let z = 102 - 62. What is the highest common divisor of z and 30?
10
Let q be (-704)/(-12) - (-2)/6. Let s(i) = -5*i - 4. Let l be s(-3). Suppose -l + q = 4*p. Calculate the greatest common factor of 48 and p.
12
Let p be 5/5 + 1*-3. Let i = p - -11. What is the highest common factor of i and 36?
9
Let b(s) = -s**2 - 8*s - 3. Let a be b(-6). Let p be ((-15)/a)/((-2)/216). Calculate the highest common factor of p and 20.
20
Let w be (-2)/(-4) - 7/(-2). Suppose w*p - 3*p = 3. Let x be (396/15)/(p/15). Calculate the greatest common divisor of x and 12.
12
Let q(m) = 11*m + 4. Let s be (-13 - 3)/(-4 + 2). Let k be q(s). Calculate the greatest common factor of k and 23.
23
Let s(k) = 6*k - 20. Let h be s(4). What is the greatest common factor of h and 16?
4
Suppose 0 = 5*n - 384 - 241. Calculate the greatest common factor of n and 25.
25
Let o = -1045 - -1109. Let l(y) = 3*y**2 - 3*y - 2. Let n be l(3). What is the greatest common divisor of n and o?
16
Suppose 0 = b + b - 6. Let k be (2 - b)/1*-12. Suppose -26 = -3*c + 118. What is the highest common divisor of k and c?
12
Let a = -7 + 9. Let h be a/8 - 38/(-8). Suppose -h*o + 10 = -0*o. Calculate the greatest common factor of o and 5.
1
Let a(x) = -5*x**3 + 2*x - 1. Let w be a(1). Let o be (w - 2)/((-3)/2). Calculate the greatest common factor of o and 4.
4
Suppose 2*x - 9 = x - 4*s, -x - 3 = -2*s. Calculate the greatest common factor of 3 and x.
1
Let b be (-4)/(-6) - (-576)/27. Let p(n) = -n**2 - 10*n + 13. Let i = 24 - 35. Let s be p(i). Calculate the highest common factor of s and b.
2
Let c(h) be the first derivative of h**3 - 3*h**2 + 9*h - 5. Let t be c(6). What is the highest common factor of t and 27?
27
Let n(x) be the second derivative of -x**3/6 + 95*x**2/2 - 4*x. Let w be n(0). Calculate the highest common divisor of w and 38.
19
Suppose 0 = 20*z - 21*z. Suppose -4*b - 48 + 176 = z. What is the greatest common factor of b and 4?
4
Let k(r) = -r**3 - 11*r**2 - 9*r + 1. Let l = 3 - 15. Let d be k(l). Calculate the greatest common factor of 23 and d.
23
Suppose 0 = -3*u + 2 + 4. Let s be (u/5)/((-1)/(-5)). Let v(q) = -q + 6. Let o be v(5). Calculate the highest common factor of o and s.
1
Let f be 0/1 + 4 + -6. Let u be (2/2 - f)*1. Calculate the greatest common factor of u and 27.
3
Suppose c - 35 = 2*c. Let o = -17 - c. What is the greatest common divisor of o and 18?
18
Suppose 4*k + 12 = 4*j, 4*k - 6 = 2*k. Let y be 177/j - 2/(-4). What is the greatest common factor of 12 and y?
6
Let r(q) = 14*q - q**3 + 4*q**2 - 6*q**2 - 17*q - 6*q**2 + 4. Let b be r(-9). Calculate the highest common factor of b and 16.
16
Let c(q) = q**2 + 2*q + 9. Let w be c(-4). Suppose -6*o = -o - 935. Calculate the highest common factor of w and o.
17
Suppose -5*j + 0*j - 725 = 0. Let n = j - -244. Suppose -5*k - 2*i = -43, 5*i = 4*k + 3*i - 38. What is the highest common divisor of n and k?
9
Let h be 1*20*36/45. Suppose -h = -3*m - 4. Calculate the highest common divisor of m and 10.
2
Let z(y) be the third derivative of -y**5/60 - 11*y**4/24 + y**3/2 + 2*y**2. Let n be z(-9). Calculate the greates